{"id":171,"date":"2024-09-25T13:13:41","date_gmt":"2024-09-25T13:13:41","guid":{"rendered":"https:\/\/ulenspiegel-sourbrodt.com\/?page_id=171"},"modified":"2025-05-26T07:25:43","modified_gmt":"2025-05-26T07:25:43","slug":"about-us","status":"publish","type":"page","link":"https:\/\/ulenspiegel-sourbrodt.com\/de\/about-us\/","title":{"rendered":"\u00dcber uns"},"content":{"rendered":"\n<p><\/p>\n\n\n\n<p>1995 beschloss mein Vater Marc Van Dievel, das sch\u00f6ne Landgut mit seinen Weiden zu kaufen und es in ein gem\u00fctliches G\u00e4stehaus f\u00fcr Natur- und Pferdeliebhaber umzuwandeln.<\/p>\n\n\n\n<p>Er betreibt auch das Caf\u00e9 und empf\u00e4ngt Wanderer und Radfahrer auf der gem\u00fctlichen Sonnenterrasse. Sie bildet eine Oase der Ruhe f\u00fcr so manchen Radfahrer von der Vennbahn oder dem RAVel, der nur 20 Meter vom G\u00e4stehaus entfernt ist. Umgeben von der Sch\u00f6nheit der Natur und auf einer H\u00f6he von 563 Metern \u00fcber dem Meeresspiegel, kann jeder dort einen Snack zu sich nehmen und einen Schluck trinken.<\/p>\n\n\n\n<p>Im Jahr 2024 \u00fcbernehme ich, Pieter Van Dievel, das Ruder und renoviere das G\u00e4stehaus zu einem modernen, familiengef\u00fchrten Zwei-Sterne-Hotel, wobei die charmanten Elemente des Geb\u00e4udes aus dem 19. Mit sechs komfortablen Zimmern, darunter zwei Familienzimmer und ein Studio, bietet das Hotel alles f\u00fcr einen erholsamen Aufenthalt.<\/p>\n\n\n\n<p>Jedes Zimmer ist mit Farbfernseher, Haartrockner und kostenlosem Wi-Fi ausgestattet und verf\u00fcgt \u00fcber ein eigenes Badezimmer mit WC und Dusche. Die Betten sind von hervorragender Qualit\u00e4t, wobei Sie zwischen Einzel- und Doppelbetten w\u00e4hlen k\u00f6nnen.<\/p>\n\n\n\n<p>Es gibt gen\u00fcgend Parkpl\u00e4tze f\u00fcr Ihr Auto, sowohl am Hotel als auch gegen\u00fcber, am ehemaligen Bahnhof. Wenn Sie mit dem Fahrrad anreisen, k\u00f6nnen Sie Ihr Fahrrad sicher in unserem \u00fcberdachten Fahrradschuppen abstellen. Elektrofahrr\u00e4der k\u00f6nnen kostenlos aufgeladen werden.<\/p>\n\n\n\n<p>Das Hotel Ulenspiegel ist auch mit \u00f6ffentlichen Verkehrsmitteln gut erreichbar. Die TEC-Buslinien E23 (Eupen &#8211; B\u00fcllingen &#8211; St. Vith &#8211; Burg-Reuland) und 390 (Verviers &#8211; Rocherath) halten direkt vor der Haust\u00fcr. Diese Linien verbinden Sie mit einem gro\u00dfen Teil der Region und bieten eine schnelle Verbindung zu den Bahnh\u00f6fen von Eupen und Verviers.<\/p>\n\n\n\n<p>Unser Hotel ist der ideale Ausgangspunkt, um die Gegend (wieder) zu entdecken, egal ob Sie zu Fu\u00df, mit dem Fahrrad, Motorrad oder Auto kommen. Wanderer, Radfahrer und Tagesausfl\u00fcgler sind auf unserer gro\u00dfz\u00fcgigen Hofterrasse willkommen, wo Sie sich entspannen und die Umgebung genie\u00dfen k\u00f6nnen.<\/p>\n","protected":false},"excerpt":{"rendered":"<p>1995 beschloss mein Vater Marc Van Dievel, das sch\u00f6ne Landgut mit seinen Weiden zu kaufen und es in ein gem\u00fctliches G\u00e4stehaus f\u00fcr Natur- und Pferdeliebhaber umzuwandeln. Er betreibt auch das Caf\u00e9 und empf\u00e4ngt Wanderer und Radfahrer auf der gem\u00fctlichen Sonnenterrasse. Sie bildet eine Oase der Ruhe f\u00fcr so manchen Radfahrer<a class=\"read-more\" href=\"https:\/\/ulenspiegel-sourbrodt.com\/de\/about-us\/\"> ( more&#8230; )<\/a><\/p>\n","protected":false},"author":1,"featured_media":0,"parent":0,"menu_order":0,"comment_status":"closed","ping_status":"closed","template":"","meta":{"_uag_custom_page_level_css":"","advgb_blocks_editor_width":"","advgb_blocks_columns_visual_guide":"","footnotes":""},"class_list":["post-171","page","type-page","status-publish","hentry"],"translation":{"provider":"WPGlobus","version":"3.0.2","language":"de","enabled_languages":["nl","fr","de"],"languages":{"nl":{"title":true,"content":true,"excerpt":false},"fr":{"title":true,"content":true,"excerpt":false},"de":{"title":true,"content":true,"excerpt":false}}},"uagb_featured_image_src":{"full":false,"thumbnail":false,"medium":false,"medium_large":false,"large":false,"1536x1536":false,"2048x2048":false,"backdrop-small-thumbnails":false,"backdrop-medium-thumbnails":false,"backdrop-large-thumbnails":false},"uagb_author_info":{"display_name":"pieter93","author_link":"https:\/\/ulenspiegel-sourbrodt.com\/de\/author\/pieter93\/"},"uagb_comment_info":0,"uagb_excerpt":"1995 beschloss mein Vater Marc Van Dievel, das sch\u00f6ne Landgut mit seinen Weiden zu kaufen und es in ein gem\u00fctliches G\u00e4stehaus f\u00fcr Natur- und Pferdeliebhaber umzuwandeln. Er betreibt auch das Caf\u00e9 und empf\u00e4ngt Wanderer und Radfahrer auf der gem\u00fctlichen Sonnenterrasse. Sie bildet eine Oase der Ruhe f\u00fcr so manchen Radfahrer ( more... )","coauthors":[],"author_meta":{"author_link":"https:\/\/ulenspiegel-sourbrodt.com\/de\/author\/pieter93\/","display_name":"pieter93"},"relative_dates":{"created":"Ver\u00f6ffentlicht 2 years vor","modified":"Aktualisiert 11 months vor"},"absolute_dates":{"created":"Ver\u00f6ffentlicht am 25 September 2024","modified":"Aktualisiert am 26 May 2025"},"absolute_dates_time":{"created":"Ver\u00f6ffentlicht am 25 September 2024 13:13","modified":"Aktualisiert am 26 May 2025 07:25"},"featured_img_caption":"","featured_img":false,"series_order":"","_links":{"self":[{"href":"https:\/\/ulenspiegel-sourbrodt.com\/de\/wp-json\/wp\/v2\/pages\/171","targetHints":{"allow":["GET"]}}],"collection":[{"href":"https:\/\/ulenspiegel-sourbrodt.com\/de\/wp-json\/wp\/v2\/pages"}],"about":[{"href":"https:\/\/ulenspiegel-sourbrodt.com\/de\/wp-json\/wp\/v2\/types\/page"}],"author":[{"embeddable":true,"href":"https:\/\/ulenspiegel-sourbrodt.com\/de\/wp-json\/wp\/v2\/users\/1"}],"replies":[{"embeddable":true,"href":"https:\/\/ulenspiegel-sourbrodt.com\/de\/wp-json\/wp\/v2\/comments?post=171"}],"version-history":[{"count":60,"href":"https:\/\/ulenspiegel-sourbrodt.com\/de\/wp-json\/wp\/v2\/pages\/171\/revisions"}],"predecessor-version":[{"id":1834,"href":"https:\/\/ulenspiegel-sourbrodt.com\/de\/wp-json\/wp\/v2\/pages\/171\/revisions\/1834"}],"wp:attachment":[{"href":"https:\/\/ulenspiegel-sourbrodt.com\/de\/wp-json\/wp\/v2\/media?parent=171"}],"curies":[{"name":"wp","href":"https:\/\/api.w.org\/{rel}","templated":true}]}}

Über uns

<p></p>



<p>1995 beschloss mein Vater Marc Van Dievel, das schöne Landgut mit seinen Weiden zu kaufen und es in ein gemütliches Gästehaus für Natur- und Pferdeliebhaber umzuwandeln.</p>



<p>Er betreibt auch das Café und empfängt Wanderer und Radfahrer auf der gemütlichen Sonnenterrasse. Sie bildet eine Oase der Ruhe für so manchen Radfahrer von der Vennbahn oder dem RAVel, der nur 20 Meter vom Gästehaus entfernt ist. Umgeben von der Schönheit der Natur und auf einer Höhe von 563 Metern über dem Meeresspiegel, kann jeder dort einen Snack zu sich nehmen und einen Schluck trinken.</p>



<p>Im Jahr 2024 übernehme ich, Pieter Van Dievel, das Ruder und renoviere das Gästehaus zu einem modernen, familiengeführten Zwei-Sterne-Hotel, wobei die charmanten Elemente des Gebäudes aus dem 19. Mit sechs komfortablen Zimmern, darunter zwei Familienzimmer und ein Studio, bietet das Hotel alles für einen erholsamen Aufenthalt.</p>



<p>Jedes Zimmer ist mit Farbfernseher, Haartrockner und kostenlosem Wi-Fi ausgestattet und verfügt über ein eigenes Badezimmer mit WC und Dusche. Die Betten sind von hervorragender Qualität, wobei Sie zwischen Einzel- und Doppelbetten wählen können.</p>



<p>Es gibt genügend Parkplätze für Ihr Auto, sowohl am Hotel als auch gegenüber, am ehemaligen Bahnhof. Wenn Sie mit dem Fahrrad anreisen, können Sie Ihr Fahrrad sicher in unserem überdachten Fahrradschuppen abstellen. Elektrofahrräder können kostenlos aufgeladen werden.</p>



<p>Das Hotel Ulenspiegel ist auch mit öffentlichen Verkehrsmitteln gut erreichbar. Die TEC-Buslinien E23 (Eupen &#8211; Büllingen &#8211; St. Vith &#8211; Burg-Reuland) und 390 (Verviers &#8211; Rocherath) halten direkt vor der Haustür. Diese Linien verbinden Sie mit einem großen Teil der Region und bieten eine schnelle Verbindung zu den Bahnhöfen von Eupen und Verviers.</p>



<p>Unser Hotel ist der ideale Ausgangspunkt, um die Gegend (wieder) zu entdecken, egal ob Sie zu Fuß, mit dem Fahrrad, Motorrad oder Auto kommen. Wanderer, Radfahrer und Tagesausflügler sind auf unserer großzügigen Hofterrasse willkommen, wo Sie sich entspannen und die Umgebung genießen können.</p>

<p>1995 beschloss mein Vater Marc Van Dievel, das schöne Landgut mit seinen Weiden zu kaufen und es in ein gemütliches Gästehaus für Natur- und Pferdeliebhaber umzuwandeln. Er betreibt auch das Café und empfängt Wanderer und Radfahrer auf der gemütlichen Sonnenterrasse. Sie bildet eine Oase der Ruhe für so manchen Radfahrer<a class="read-more" href="https://ulenspiegel-sourbrodt.com/de/about-us/"> ( more&#8230; )</a></p>

1995 beschloss mein Vater Marc Van Dievel, das schöne Landgut mit seinen Weiden zu kaufen und es in ein gemütliches Gästehaus für Natur- und Pferdeliebhaber umzuwandeln. Er betreibt auch das Café und empfängt Wanderer und Radfahrer auf der gemütlichen Sonnenterrasse. Sie bildet eine Oase der Ruhe für so manchen Radfahrer ( more... )

Veröffentlicht 2 years vor

Veröffentlicht am 25 September 2024

Veröffentlicht am 25 September 2024 13:13
