{"id":101,"date":"2024-09-25T10:16:19","date_gmt":"2024-09-25T10:16:19","guid":{"rendered":"https:\/\/ulenspiegel-sourbrodt.com\/?page_id=101"},"modified":"2025-05-26T07:37:44","modified_gmt":"2025-05-26T07:37:44","slug":"arrangements","status":"publish","type":"page","link":"https:\/\/ulenspiegel-sourbrodt.com\/fr\/arrangements\/","title":{"rendered":"Arrangements"},"content":{"rendered":"\n<section style=\"max-width: 800px; margin: auto; line-height: 1.6;\">\n<h2 style=\"color: #000000;\">\ud83c\udf7d\ufe0f Groupes bienvenus<\/h2>\n<p>Vous \u00eates un groupe de <strong>10 \u00e0 50 personnes<\/strong> et vous souhaitez d\u00e9guster <strong>un d\u00e9licieux repas dans une ambiance familiale et chaleureuse ?<\/strong> Alors vous \u00eates \u00e0 la bonne adresse \u00e0 <strong>l&#8217;h\u00f4tel Ulenspiegel<\/strong> !<\/p>\n<p>Nous accueillons r\u00e9guli\u00e8rement <em>des familles, des associations, des groupes d&#8217;amis, des clubs cyclistes et des groupes de randonneurs<\/em> pour le petit-d\u00e9jeuner, le d\u00e9jeuner, le d\u00eener ou une halte gourmande.<\/p>\n<h3 style=\"color: #000000;\">\ud83d\udd39 Comment proc\u00e9dons-nous ?<\/h3>\n<ul>\n<li>Nous discutons \u00e0 l&#8217;avance des <strong>besoins de votre groupe<\/strong>.<\/li>\n<li>Nous faisons <strong>une proposition sur la base d&#8217;une formule de menu<\/strong> (petit-d\u00e9jeuner, d\u00e9jeuner ou d\u00eener).<\/li>\n<li>Nous tenons compte, dans la mesure du possible, <strong>des pr\u00e9f\u00e9rences, du budget et des \u00e9ventuelles allergies.<\/strong><\/li>\n<\/ul>\n<p>Vous avez des souhaits sp\u00e9cifiques tels qu&#8217;une offre v\u00e9g\u00e9tarienne, des produits du terroir ou un dessert festif ? Faites-le nous savoir et nous vous ferons une proposition adapt\u00e9e.<\/p>\n<h3 style=\"color: #000000;\">\ud83d\udccd Pourquoi nous choisir ?<\/h3>\n<ul>\n<li>H\u00f4tel-caf\u00e9 confortable \u00e0 l&#8217;accueil familial et charmant<\/li>\n<li>Des formules flexibles adapt\u00e9es \u00e0 votre groupe<\/li>\n<li>Espace pour le service \u00e0 l&#8217;int\u00e9rieur et \u00e0 l&#8217;ext\u00e9rieur (par beau temps, sur la terrasse pr\u00e8s de la Vennbahn)<\/li>\n<li>Parfaitement situ\u00e9 pour les cyclistes, les randonneurs et les excursions d&#8217;une journ\u00e9e<\/li>\n<\/ul>\n<hr style=\"margin: 30px 0;\" \/>\n<p>\ud83d\udd14 <strong>Vous aimeriez faire une r\u00e9servation ou vous renseigner ?<\/strong><br \/>N&#8217;h\u00e9sitez pas \u00e0 nous contacter \u00e0 <a style=\"color: #0000ff;\" href=\"mailto:info@ulenspiegel-sourbrodt.com\">info@ulenspiegel-sourbrodt.com<\/a> ou via notre <a style=\"color: #0000ff;\" href=\"https:\/\/ulenspiegel-sourbrodt.com\/fr\/contact\/\">formulaire de contact<\/a>. Nous aimons r\u00e9fl\u00e9chir ensemble !<\/p>\n<\/section>\n\n\n\n<p><\/p>\n","protected":false},"excerpt":{"rendered":"<p>\ud83c\udf7d\ufe0f Groupes bienvenus Vous \u00eates un groupe de 10 \u00e0 50 personnes et vous souhaitez d\u00e9guster un d\u00e9licieux repas dans une ambiance familiale et chaleureuse ? Alors vous \u00eates \u00e0 la bonne adresse \u00e0 l&#8217;h\u00f4tel Ulenspiegel ! Nous accueillons r\u00e9guli\u00e8rement des familles, des associations, des groupes d&#8217;amis, des clubs cyclistes<a class=\"read-more\" href=\"https:\/\/ulenspiegel-sourbrodt.com\/fr\/arrangements\/\"> ( more&#8230; )<\/a><\/p>\n","protected":false},"author":1,"featured_media":0,"parent":0,"menu_order":0,"comment_status":"closed","ping_status":"closed","template":"","meta":{"_uag_custom_page_level_css":"","advgb_blocks_editor_width":"","advgb_blocks_columns_visual_guide":"","footnotes":""},"class_list":["post-101","page","type-page","status-publish","hentry"],"translation":{"provider":"WPGlobus","version":"3.0.2","language":"fr","enabled_languages":["nl","fr","de"],"languages":{"nl":{"title":true,"content":true,"excerpt":false},"fr":{"title":true,"content":true,"excerpt":false},"de":{"title":true,"content":true,"excerpt":false}}},"uagb_featured_image_src":{"full":false,"thumbnail":false,"medium":false,"medium_large":false,"large":false,"1536x1536":false,"2048x2048":false,"backdrop-small-thumbnails":false,"backdrop-medium-thumbnails":false,"backdrop-large-thumbnails":false},"uagb_author_info":{"display_name":"pieter93","author_link":"https:\/\/ulenspiegel-sourbrodt.com\/fr\/author\/pieter93\/"},"uagb_comment_info":0,"uagb_excerpt":"\ud83c\udf7d\ufe0f Groupes bienvenus Vous \u00eates un groupe de 10 \u00e0 50 personnes et vous souhaitez d\u00e9guster un d\u00e9licieux repas dans une ambiance familiale et chaleureuse ? Alors vous \u00eates \u00e0 la bonne adresse \u00e0 l&#8217;h\u00f4tel Ulenspiegel ! Nous accueillons r\u00e9guli\u00e8rement des familles, des associations, des groupes d&#8217;amis, des clubs cyclistes ( more... )","coauthors":[],"author_meta":{"author_link":"https:\/\/ulenspiegel-sourbrodt.com\/fr\/author\/pieter93\/","display_name":"pieter93"},"relative_dates":{"created":"Publi\u00e9 2 years il y a","modified":"Mis \u00e0 jour 11 months il y a"},"absolute_dates":{"created":"Publi\u00e9 le 25 September 2024","modified":"Mise \u00e0 jour le 26 May 2025"},"absolute_dates_time":{"created":"Publi\u00e9 le 25 September 2024 10:16","modified":"Mise \u00e0 jour le 26 May 2025 07:37"},"featured_img_caption":"","featured_img":false,"series_order":"","_links":{"self":[{"href":"https:\/\/ulenspiegel-sourbrodt.com\/fr\/wp-json\/wp\/v2\/pages\/101","targetHints":{"allow":["GET"]}}],"collection":[{"href":"https:\/\/ulenspiegel-sourbrodt.com\/fr\/wp-json\/wp\/v2\/pages"}],"about":[{"href":"https:\/\/ulenspiegel-sourbrodt.com\/fr\/wp-json\/wp\/v2\/types\/page"}],"author":[{"embeddable":true,"href":"https:\/\/ulenspiegel-sourbrodt.com\/fr\/wp-json\/wp\/v2\/users\/1"}],"replies":[{"embeddable":true,"href":"https:\/\/ulenspiegel-sourbrodt.com\/fr\/wp-json\/wp\/v2\/comments?post=101"}],"version-history":[{"count":30,"href":"https:\/\/ulenspiegel-sourbrodt.com\/fr\/wp-json\/wp\/v2\/pages\/101\/revisions"}],"predecessor-version":[{"id":1874,"href":"https:\/\/ulenspiegel-sourbrodt.com\/fr\/wp-json\/wp\/v2\/pages\/101\/revisions\/1874"}],"wp:attachment":[{"href":"https:\/\/ulenspiegel-sourbrodt.com\/fr\/wp-json\/wp\/v2\/media?parent=101"}],"curies":[{"name":"wp","href":"https:\/\/api.w.org\/{rel}","templated":true}]}}

<section style="max-width: 800px; margin: auto; line-height: 1.6;">
<h2 style="color: #000000;">🍽️ Groupes bienvenus</h2>
<p>Vous êtes un groupe de <strong>10 à 50 personnes</strong> et vous souhaitez déguster <strong>un délicieux repas dans une ambiance familiale et chaleureuse ?</strong> Alors vous êtes à la bonne adresse à <strong>l&#8217;hôtel Ulenspiegel</strong> !</p>
<p>Nous accueillons régulièrement <em>des familles, des associations, des groupes d&#8217;amis, des clubs cyclistes et des groupes de randonneurs</em> pour le petit-déjeuner, le déjeuner, le dîner ou une halte gourmande.</p>
<h3 style="color: #000000;">🔹 Comment procédons-nous ?</h3>
<ul>
<li>Nous discutons à l&#8217;avance des <strong>besoins de votre groupe</strong>.</li>
<li>Nous faisons <strong>une proposition sur la base d&#8217;une formule de menu</strong> (petit-déjeuner, déjeuner ou dîner).</li>
<li>Nous tenons compte, dans la mesure du possible, <strong>des préférences, du budget et des éventuelles allergies.</strong></li>
</ul>
<p>Vous avez des souhaits spécifiques tels qu&#8217;une offre végétarienne, des produits du terroir ou un dessert festif ? Faites-le nous savoir et nous vous ferons une proposition adaptée.</p>
<h3 style="color: #000000;">📍 Pourquoi nous choisir ?</h3>
<ul>
<li>Hôtel-café confortable à l&#8217;accueil familial et charmant</li>
<li>Des formules flexibles adaptées à votre groupe</li>
<li>Espace pour le service à l&#8217;intérieur et à l&#8217;extérieur (par beau temps, sur la terrasse près de la Vennbahn)</li>
<li>Parfaitement situé pour les cyclistes, les randonneurs et les excursions d&#8217;une journée</li>
</ul>
<hr style="margin: 30px 0;" />
<p>🔔 <strong>Vous aimeriez faire une réservation ou vous renseigner ?</strong><br />N&#8217;hésitez pas à nous contacter à <a style="color: #0000ff;" href="mailto:info@ulenspiegel-sourbrodt.com">info@ulenspiegel-sourbrodt.com</a> ou via notre <a style="color: #0000ff;" href="https://ulenspiegel-sourbrodt.com/fr/contact/">formulaire de contact</a>. Nous aimons réfléchir ensemble !</p>
</section>



<p></p>

<p>🍽️ Groupes bienvenus Vous êtes un groupe de 10 à 50 personnes et vous souhaitez déguster un délicieux repas dans une ambiance familiale et chaleureuse ? Alors vous êtes à la bonne adresse à l&#8217;hôtel Ulenspiegel ! Nous accueillons régulièrement des familles, des associations, des groupes d&#8217;amis, des clubs cyclistes<a class="read-more" href="https://ulenspiegel-sourbrodt.com/fr/arrangements/"> ( more&#8230; )</a></p>

🍽️ Groupes bienvenus Vous êtes un groupe de 10 à 50 personnes et vous souhaitez déguster un délicieux repas dans une ambiance familiale et chaleureuse ? Alors vous êtes à la bonne adresse à l&#8217;hôtel Ulenspiegel ! Nous accueillons régulièrement des familles, des associations, des groupes d&#8217;amis, des clubs cyclistes ( more... )

Publié 2 years il y a

Mis à jour 11 months il y a

Publié le 25 September 2024

Mise à jour le 26 May 2025

Publié le 25 September 2024 10:16

Mise à jour le 26 May 2025 07:37
