{"id":171,"date":"2024-09-25T13:13:41","date_gmt":"2024-09-25T13:13:41","guid":{"rendered":"https:\/\/ulenspiegel-sourbrodt.com\/?page_id=171"},"modified":"2025-05-26T07:25:43","modified_gmt":"2025-05-26T07:25:43","slug":"about-us","status":"publish","type":"page","link":"https:\/\/ulenspiegel-sourbrodt.com\/fr\/about-us\/","title":{"rendered":"Qui sommes-nous"},"content":{"rendered":"\n<p>En 1995, mon p\u00e8re Marc Van Dievel a d\u00e9cid\u00e9 d&#8217;acheter la belle propri\u00e9t\u00e9 avec ses prairies et de la transformer en une maison d&#8217;h\u00f4tes chaleureuse et accueillante pour les amoureux de la nature et des chevaux.<\/p>\n\n\n\n<p>Il g\u00e8re \u00e9galement le caf\u00e9 et accueille les randonneurs et les cyclistes sur l&#8217;agr\u00e9able terrasse ensoleill\u00e9e. C&#8217;est une oasis de calme pour de nombreux cyclistes du Vennbahn ou du RAVel, qui se trouve \u00e0 seulement 20 m\u00e8tres de la maison d&#8217;h\u00f4tes. Entour\u00e9 par la beaut\u00e9 de la nature et \u00e0 une altitude de 563 m\u00e8tres au-dessus du au-dessus du niveau de la mer, tout le monde peut s&#8217;y rendre pour une collation et une boisson.<\/p>\n\n\n\n<p>En 2024, c&#8217;est moi, Pieter Van Dievel, qui prends les r\u00eanes et qui r\u00e9nove la maison d&#8217;h\u00f4tes en un h\u00f4tel deux \u00e9toiles moderne et familial, tout en pr\u00e9servant les \u00e9l\u00e9ments charmants du b\u00e2timent du XIXe si\u00e8cle. Avec six chambres confortables, dont deux chambres familiales et un studio, l&#8217;h\u00f4tel offre tout ce qu&#8217;il faut pour un s\u00e9jour relaxant.<\/p>\n\n\n\n<p>Chaque chambre est \u00e9quip\u00e9e d&#8217;une t\u00e9l\u00e9vision couleur, d&#8217;un s\u00e8che-cheveux, d&#8217;une connexion Wi-Fi gratuite et d&#8217;une salle de bains privative avec toilettes et douche. Les lits sont d&#8217;excellente qualit\u00e9 et vous avez le choix entre un lit simple et un lit double.<\/p>\n\n\n\n<p>De nombreuses places de parking sont disponibles pour votre voiture, \u00e0 la fois \u00e0 l&#8217;h\u00f4tel et en face, \u00e0 l&#8217;ancienne gare. Si vous venez en v\u00e9lo, vous pouvez garer votre v\u00e9lo en toute s\u00e9curit\u00e9 dans notre abri \u00e0 v\u00e9los couvert. Les v\u00e9los \u00e9lectriques peuvent \u00eatre recharg\u00e9s gratuitement.<\/p>\n\n\n\n<p>L&#8217;h\u00f4tel Ulenspiegel est \u00e9galement facilement accessible par les transports publics. Les lignes de bus TEC E23 (Eupen &#8211; B\u00fcllingen &#8211; St. Vith &#8211; Burg-Reuland) et 390 (Verviers &#8211; Rocherath) s&#8217;arr\u00eatent litt\u00e9ralement devant la porte. Ces lignes vous relient \u00e0 une grande partie de la r\u00e9gion et vous permettent de rejoindre rapidement les gares d&#8217;Eupen et de Verviers.<\/p>\n\n\n\n<p>Notre h\u00f4tel est le point de d\u00e9part id\u00e9al pour (re)d\u00e9couvrir la r\u00e9gion, que vous veniez \u00e0 pied, \u00e0 v\u00e9lo, en moto ou en voiture. Les promeneurs, les cyclistes et les excursionnistes sont les bienvenus sur la terrasse spacieuse de notre cour, o\u00f9 vous pouvez vous d\u00e9tendre et profiter des environs.<\/p>\n","protected":false},"excerpt":{"rendered":"<p>En 1995, mon p\u00e8re Marc Van Dievel a d\u00e9cid\u00e9 d&#8217;acheter la belle propri\u00e9t\u00e9 avec ses prairies et de la transformer en une maison d&#8217;h\u00f4tes chaleureuse et accueillante pour les amoureux de la nature et des chevaux. Il g\u00e8re \u00e9galement le caf\u00e9 et accueille les randonneurs et les cyclistes sur l&#8217;agr\u00e9able<a class=\"read-more\" href=\"https:\/\/ulenspiegel-sourbrodt.com\/fr\/about-us\/\"> ( more&#8230; )<\/a><\/p>\n","protected":false},"author":1,"featured_media":0,"parent":0,"menu_order":0,"comment_status":"closed","ping_status":"closed","template":"","meta":{"_uag_custom_page_level_css":"","advgb_blocks_editor_width":"","advgb_blocks_columns_visual_guide":"","footnotes":""},"class_list":["post-171","page","type-page","status-publish","hentry"],"translation":{"provider":"WPGlobus","version":"3.0.2","language":"fr","enabled_languages":["nl","fr","de"],"languages":{"nl":{"title":true,"content":true,"excerpt":false},"fr":{"title":true,"content":true,"excerpt":false},"de":{"title":true,"content":true,"excerpt":false}}},"uagb_featured_image_src":{"full":false,"thumbnail":false,"medium":false,"medium_large":false,"large":false,"1536x1536":false,"2048x2048":false,"backdrop-small-thumbnails":false,"backdrop-medium-thumbnails":false,"backdrop-large-thumbnails":false},"uagb_author_info":{"display_name":"pieter93","author_link":"https:\/\/ulenspiegel-sourbrodt.com\/fr\/author\/pieter93\/"},"uagb_comment_info":0,"uagb_excerpt":"En 1995, mon p\u00e8re Marc Van Dievel a d\u00e9cid\u00e9 d&#8217;acheter la belle propri\u00e9t\u00e9 avec ses prairies et de la transformer en une maison d&#8217;h\u00f4tes chaleureuse et accueillante pour les amoureux de la nature et des chevaux. Il g\u00e8re \u00e9galement le caf\u00e9 et accueille les randonneurs et les cyclistes sur l&#8217;agr\u00e9able ( more... )","coauthors":[],"author_meta":{"author_link":"https:\/\/ulenspiegel-sourbrodt.com\/fr\/author\/pieter93\/","display_name":"pieter93"},"relative_dates":{"created":"Publi\u00e9 2 years il y a","modified":"Mis \u00e0 jour 11 months il y a"},"absolute_dates":{"created":"Publi\u00e9 le 25 September 2024","modified":"Mise \u00e0 jour le 26 May 2025"},"absolute_dates_time":{"created":"Publi\u00e9 le 25 September 2024 13:13","modified":"Mise \u00e0 jour le 26 May 2025 07:25"},"featured_img_caption":"","featured_img":false,"series_order":"","_links":{"self":[{"href":"https:\/\/ulenspiegel-sourbrodt.com\/fr\/wp-json\/wp\/v2\/pages\/171","targetHints":{"allow":["GET"]}}],"collection":[{"href":"https:\/\/ulenspiegel-sourbrodt.com\/fr\/wp-json\/wp\/v2\/pages"}],"about":[{"href":"https:\/\/ulenspiegel-sourbrodt.com\/fr\/wp-json\/wp\/v2\/types\/page"}],"author":[{"embeddable":true,"href":"https:\/\/ulenspiegel-sourbrodt.com\/fr\/wp-json\/wp\/v2\/users\/1"}],"replies":[{"embeddable":true,"href":"https:\/\/ulenspiegel-sourbrodt.com\/fr\/wp-json\/wp\/v2\/comments?post=171"}],"version-history":[{"count":60,"href":"https:\/\/ulenspiegel-sourbrodt.com\/fr\/wp-json\/wp\/v2\/pages\/171\/revisions"}],"predecessor-version":[{"id":1834,"href":"https:\/\/ulenspiegel-sourbrodt.com\/fr\/wp-json\/wp\/v2\/pages\/171\/revisions\/1834"}],"wp:attachment":[{"href":"https:\/\/ulenspiegel-sourbrodt.com\/fr\/wp-json\/wp\/v2\/media?parent=171"}],"curies":[{"name":"wp","href":"https:\/\/api.w.org\/{rel}","templated":true}]}}

<p>En 1995, mon père Marc Van Dievel a décidé d&#8217;acheter la belle propriété avec ses prairies et de la transformer en une maison d&#8217;hôtes chaleureuse et accueillante pour les amoureux de la nature et des chevaux.</p>



<p>Il gère également le café et accueille les randonneurs et les cyclistes sur l&#8217;agréable terrasse ensoleillée. C&#8217;est une oasis de calme pour de nombreux cyclistes du Vennbahn ou du RAVel, qui se trouve à seulement 20 mètres de la maison d&#8217;hôtes. Entouré par la beauté de la nature et à une altitude de 563 mètres au-dessus du au-dessus du niveau de la mer, tout le monde peut s&#8217;y rendre pour une collation et une boisson.</p>



<p>En 2024, c&#8217;est moi, Pieter Van Dievel, qui prends les rênes et qui rénove la maison d&#8217;hôtes en un hôtel deux étoiles moderne et familial, tout en préservant les éléments charmants du bâtiment du XIXe siècle. Avec six chambres confortables, dont deux chambres familiales et un studio, l&#8217;hôtel offre tout ce qu&#8217;il faut pour un séjour relaxant.</p>



<p>Chaque chambre est équipée d&#8217;une télévision couleur, d&#8217;un sèche-cheveux, d&#8217;une connexion Wi-Fi gratuite et d&#8217;une salle de bains privative avec toilettes et douche. Les lits sont d&#8217;excellente qualité et vous avez le choix entre un lit simple et un lit double.</p>



<p>De nombreuses places de parking sont disponibles pour votre voiture, à la fois à l&#8217;hôtel et en face, à l&#8217;ancienne gare. Si vous venez en vélo, vous pouvez garer votre vélo en toute sécurité dans notre abri à vélos couvert. Les vélos électriques peuvent être rechargés gratuitement.</p>



<p>L&#8217;hôtel Ulenspiegel est également facilement accessible par les transports publics. Les lignes de bus TEC E23 (Eupen &#8211; Büllingen &#8211; St. Vith &#8211; Burg-Reuland) et 390 (Verviers &#8211; Rocherath) s&#8217;arrêtent littéralement devant la porte. Ces lignes vous relient à une grande partie de la région et vous permettent de rejoindre rapidement les gares d&#8217;Eupen et de Verviers.</p>



<p>Notre hôtel est le point de départ idéal pour (re)découvrir la région, que vous veniez à pied, à vélo, en moto ou en voiture. Les promeneurs, les cyclistes et les excursionnistes sont les bienvenus sur la terrasse spacieuse de notre cour, où vous pouvez vous détendre et profiter des environs.</p>

<p>En 1995, mon père Marc Van Dievel a décidé d&#8217;acheter la belle propriété avec ses prairies et de la transformer en une maison d&#8217;hôtes chaleureuse et accueillante pour les amoureux de la nature et des chevaux. Il gère également le café et accueille les randonneurs et les cyclistes sur l&#8217;agréable<a class="read-more" href="https://ulenspiegel-sourbrodt.com/fr/about-us/"> ( more&#8230; )</a></p>

En 1995, mon père Marc Van Dievel a décidé d&#8217;acheter la belle propriété avec ses prairies et de la transformer en une maison d&#8217;hôtes chaleureuse et accueillante pour les amoureux de la nature et des chevaux. Il gère également le café et accueille les randonneurs et les cyclistes sur l&#8217;agréable ( more... )

Publié 2 years il y a

Mis à jour 11 months il y a

Publié le 25 September 2024

Mise à jour le 26 May 2025

Publié le 25 September 2024 13:13

Mise à jour le 26 May 2025 07:25
